{"id":79,"date":"2018-01-10T15:28:40","date_gmt":"2018-01-10T15:28:40","guid":{"rendered":"http:\/\/centrooncologicodelnorte.cl\/?page_id=79"},"modified":"2026-05-04T14:36:55","modified_gmt":"2026-05-04T14:36:55","slug":"mision-y-vision","status":"publish","type":"page","link":"https:\/\/centrooncologicodelnorte.cl\/?page_id=79","title":{"rendered":"Misi\u00f3n y Visi\u00f3n"},"content":{"rendered":"<p><strong>Misi\u00f3n<\/strong><\/p>\n<p>\u201cSomos el Centro Oncol\u00f3gico de Alta Complejidad y de referencia de la macro zona Norte del pa\u00eds, entregando una atenci\u00f3n oportuna, inclusiva, segura, de calidad, confiable y comprometida; mediante un trato humanizado, \u00e9tico y emp\u00e1tico para el usuario y su familia\u201d.<\/p>\n<p><strong>Visi\u00f3n<\/strong><\/p>\n<p>Ser el Centro Oncol\u00f3gico m\u00e1s importante en el sector p\u00fablico de salud, reconocido por su excelencia tanto asistencial como acad\u00e9mica y en investigaci\u00f3n.<\/p>\n<p><strong>Gesti\u00f3n por Valores:<\/strong><\/p>\n<p>La Direcci\u00f3n del establecimiento, en jornada de trabajo realizada en conjunto con referentes de diversas unidades, tanto cl\u00ednicas, administrativas como de apoyo, realiz\u00f3 el levantamiento y actualizaci\u00f3n de los valores institucionales del centro, los cuales se encuentran se\u00f1alados en el presente modelo de gesti\u00f3n: probidad, respeto, empat\u00eda, equidad y cooperaci\u00f3n. Estos valores, son difundidos a trav\u00e9s de charlas masivas y comunicaciones internas, con el fin de que los funcionarios tomen estos valores como propios y opten por dar lo mejor de s\u00ed para otorgar una mejor atenci\u00f3n a los usuarios, modificando voluntariamente su conducta en el caso de ser necesario.<\/p>\n","protected":false},"excerpt":{"rendered":"<p>Misi\u00f3n \u201cSomos el Centro Oncol\u00f3gico de Alta Complejidad y de referencia de la macro zona Norte del pa\u00eds, entregando una atenci\u00f3n oportuna, inclusiva, segura, de calidad, confiable y comprometida; mediante un trato humanizado, \u00e9tico y emp\u00e1tico para el usuario y su familia\u201d. Visi\u00f3n Ser el Centro Oncol\u00f3gico m\u00e1s importante en el sector p\u00fablico de salud, [&hellip;]<\/p>\n","protected":false},"author":1,"featured_media":1873,"parent":29,"menu_order":0,"comment_status":"closed","ping_status":"closed","template":"","meta":{"footnotes":""},"class_list":["post-79","page","type-page","status-publish","has-post-thumbnail","hentry"],"_links":{"self":[{"href":"https:\/\/centrooncologicodelnorte.cl\/index.php?rest_route=\/wp\/v2\/pages\/79","targetHints":{"allow":["GET"]}}],"collection":[{"href":"https:\/\/centrooncologicodelnorte.cl\/index.php?rest_route=\/wp\/v2\/pages"}],"about":[{"href":"https:\/\/centrooncologicodelnorte.cl\/index.php?rest_route=\/wp\/v2\/types\/page"}],"author":[{"embeddable":true,"href":"https:\/\/centrooncologicodelnorte.cl\/index.php?rest_route=\/wp\/v2\/users\/1"}],"replies":[{"embeddable":true,"href":"https:\/\/centrooncologicodelnorte.cl\/index.php?rest_route=%2Fwp%2Fv2%2Fcomments&post=79"}],"version-history":[{"count":8,"href":"https:\/\/centrooncologicodelnorte.cl\/index.php?rest_route=\/wp\/v2\/pages\/79\/revisions"}],"predecessor-version":[{"id":2257,"href":"https:\/\/centrooncologicodelnorte.cl\/index.php?rest_route=\/wp\/v2\/pages\/79\/revisions\/2257"}],"up":[{"embeddable":true,"href":"https:\/\/centrooncologicodelnorte.cl\/index.php?rest_route=\/wp\/v2\/pages\/29"}],"wp:featuredmedia":[{"embeddable":true,"href":"https:\/\/centrooncologicodelnorte.cl\/index.php?rest_route=\/wp\/v2\/media\/1873"}],"wp:attachment":[{"href":"https:\/\/centrooncologicodelnorte.cl\/index.php?rest_route=%2Fwp%2Fv2%2Fmedia&parent=79"}],"curies":[{"name":"wp","href":"https:\/\/api.w.org\/{rel}","templated":true}]}}