{"id":323,"date":"2018-04-24T19:19:53","date_gmt":"2018-04-24T19:19:53","guid":{"rendered":"http:\/\/centrooncologicodelnorte.cl\/?page_id=323"},"modified":"2018-04-24T19:19:53","modified_gmt":"2018-04-24T19:19:53","slug":"links-de-interes","status":"publish","type":"page","link":"https:\/\/centrooncologicodelnorte.cl\/?page_id=323","title":{"rendered":"Links de Inter\u00e9s"},"content":{"rendered":"<h3 class=\"style4\"><strong><u>En Chile<\/u><\/strong><\/h3>\n<p class=\"style4\" style=\"padding-left: 30px;\"><a id=\"CP_Body_HyperLink1\" href=\"http:\/\/www.minsal.cl\/portal\/url\/page\/minsalcl\/g_nuevo_home\/nuevo_home.html\" target=\"_blank\" rel=\"noopener\">Ministerio de Salud<\/a><br \/>\n<a id=\"CP_Body_HyperLink2\" href=\"http:\/\/www.fonasa.cl\/wps\/wcm\/connect\/Internet\/SA-General\/Asegurados\" target=\"_blank\" rel=\"noopener\">FONASA<\/a><br \/>\n<a id=\"CP_Body_HyperLink3\" href=\"http:\/\/www.supersalud.gob.cl\/portal\/w3-channel.html\" target=\"_blank\" rel=\"noopener\">Superintendencia de Salud<\/a><br \/>\n<a id=\"CP_Body_HyperLink4\" href=\"http:\/\/www.redcronicas.cl\/index.php?option=com_content&amp;view=category&amp;layout=blog&amp;id=84&amp;Itemid=60\" target=\"_blank\" rel=\"noopener\">Unidad de C\u00e1ncer, Ministerio de Salud<\/a><br \/>\n<a id=\"CP_Body_HyperLink5\" href=\"http:\/\/www.eligevivirsano.cl\/\" target=\"_blank\" rel=\"noopener\">Programa \u00abElige Vivir Sano\u00bb<\/a><br \/>\n<a id=\"CP_Body_HyperLink6\" href=\"http:\/\/www.minsal.gob.cl\/portal\/url\/page\/minsalcl\/g_gesauge\/presentacion.html\" target=\"_blank\" rel=\"noopener\">Acceso Universal a Garant\u00edas Expl\u00edcitas en Salud \u2013 AUGE (MINSAL)<\/a><br \/>\n<a id=\"CP_Body_HyperLink7\" href=\"http:\/\/augeenlinea.fonasa.cl\/portal\/\" target=\"_blank\" rel=\"noopener\">AUGE en L\u00ednea (FONASA)<\/a><br \/>\n<a id=\"CP_Body_HyperLink8\" href=\"http:\/\/www.supersalud.gob.cl\/difusion\/572\/w3-propertyname-597.html\" target=\"_blank\" rel=\"noopener\">Esc\u00e1ner Garant\u00edas Expl\u00edcitas en Salud \u2013 GES (Superintendencia de Salud)<\/a><\/p>\n<h3 class=\"style4\"><strong><u>En el Mundo<\/u><\/strong><\/h3>\n<p class=\"style4\" style=\"padding-left: 30px;\"><a id=\"CP_Body_HyperLink9\" href=\"http:\/\/www.cancer.gov\/espanol\" target=\"_blank\" rel=\"noopener\">Instituto Nacional del C\u00e1ncer de los EEUU (NCI)<\/a><br \/>\n<a id=\"CP_Body_HyperLink10\" href=\"http:\/\/www.cancer.org\/index\" target=\"_blank\" rel=\"noopener\">American Cancer Society (ACS)<\/a><br \/>\n<a id=\"CP_Body_HyperLink11\" href=\"http:\/\/www.ecco-org.eu\/\" target=\"_blank\" rel=\"noopener\">European Cancer Organisation<br \/>\n<\/a><\/p>\n","protected":false},"excerpt":{"rendered":"<p>En Chile Ministerio de Salud FONASA Superintendencia de Salud Unidad de C\u00e1ncer, Ministerio de Salud Programa \u00abElige Vivir Sano\u00bb Acceso Universal a Garant\u00edas Expl\u00edcitas en Salud \u2013 AUGE (MINSAL) AUGE en L\u00ednea (FONASA) Esc\u00e1ner Garant\u00edas Expl\u00edcitas en Salud \u2013 GES (Superintendencia de Salud) En el Mundo Instituto Nacional del C\u00e1ncer de los EEUU (NCI) American [&hellip;]<\/p>\n","protected":false},"author":1,"featured_media":0,"parent":257,"menu_order":1,"comment_status":"closed","ping_status":"closed","template":"","meta":{"footnotes":""},"class_list":["post-323","page","type-page","status-publish","hentry"],"_links":{"self":[{"href":"https:\/\/centrooncologicodelnorte.cl\/index.php?rest_route=\/wp\/v2\/pages\/323","targetHints":{"allow":["GET"]}}],"collection":[{"href":"https:\/\/centrooncologicodelnorte.cl\/index.php?rest_route=\/wp\/v2\/pages"}],"about":[{"href":"https:\/\/centrooncologicodelnorte.cl\/index.php?rest_route=\/wp\/v2\/types\/page"}],"author":[{"embeddable":true,"href":"https:\/\/centrooncologicodelnorte.cl\/index.php?rest_route=\/wp\/v2\/users\/1"}],"replies":[{"embeddable":true,"href":"https:\/\/centrooncologicodelnorte.cl\/index.php?rest_route=%2Fwp%2Fv2%2Fcomments&post=323"}],"version-history":[{"count":4,"href":"https:\/\/centrooncologicodelnorte.cl\/index.php?rest_route=\/wp\/v2\/pages\/323\/revisions"}],"predecessor-version":[{"id":327,"href":"https:\/\/centrooncologicodelnorte.cl\/index.php?rest_route=\/wp\/v2\/pages\/323\/revisions\/327"}],"up":[{"embeddable":true,"href":"https:\/\/centrooncologicodelnorte.cl\/index.php?rest_route=\/wp\/v2\/pages\/257"}],"wp:attachment":[{"href":"https:\/\/centrooncologicodelnorte.cl\/index.php?rest_route=%2Fwp%2Fv2%2Fmedia&parent=323"}],"curies":[{"name":"wp","href":"https:\/\/api.w.org\/{rel}","templated":true}]}}