{"id":151,"date":"2018-01-11T14:46:10","date_gmt":"2018-01-11T14:46:10","guid":{"rendered":"http:\/\/centrooncologicodelnorte.cl\/?page_id=151"},"modified":"2018-01-11T14:46:10","modified_gmt":"2018-01-11T14:46:10","slug":"durante-la-quimioterapia","status":"publish","type":"page","link":"https:\/\/centrooncologicodelnorte.cl\/?page_id=151","title":{"rendered":"Durante la Quimioterapia"},"content":{"rendered":"<p>Es importante que se alimente de la mejor manera durante el tratamiento. Las personas que comen bien durante este periodo manejan favorablemente los efectos secundarios, y est\u00e1n en mejores condiciones para enfrentar las infecciones. Comer bien durante la quimioterapia significa escoger una dieta balanceada que contenga todos los nutrientes que su cuerpo necesita. Una buena forma de hacerlo es consumiendo comidas de cada uno de los siguientes grupos: frutas y vegetales; pollo, pescado y carne; cereales y panes y producto l\u00e1cteos.<\/p>\n<p>Comer bien tambi\u00e9n significa tener una dieta lo suficientemente alta en calor\u00edas para mantener su peso. Tambi\u00e9n necesitar\u00e1 tomar una cantidad extra de l\u00edquidos para proteger su vejiga y ri\u00f1\u00f3n durante el tratamiento.<\/p>\n<p><strong>\u00bfQu\u00e9 sucede si no tengo deseos de comer?<\/strong><\/p>\n<p>Siempre, aun cuando usted sepa lo importante que es comer bien, habr\u00e1 d\u00edas que no tendr\u00e1 deseos de hacerlo. Esto sucede debido a efectos secundarios, tales como n\u00e1useas, problemas en la boca o garganta que le producir\u00e1n dificultad o dolor al comer. Tambi\u00e9n puede perder el apetito si est\u00e1 deprimido o cansado. Si \u00e9ste es el caso, aseg\u00farese de leer la secci\u00f3n en este manual que se relacione con su problema. Encontrar\u00e1 muchos consejos \u00fatiles que har\u00e1n m\u00e1s f\u00e1cil el\u00a0\u00a0 comer.<\/p>\n<p><img loading=\"lazy\" decoding=\"async\" class=\"alignnone size-full wp-image-152\" src=\"http:\/\/centrooncologicodelnorte.cl\/wp-content\/uploads\/2018\/01\/falta-de-apetito.png\" alt=\"\" width=\"603\" height=\"303\" srcset=\"https:\/\/centrooncologicodelnorte.cl\/wp-content\/uploads\/2018\/01\/falta-de-apetito.png 603w, https:\/\/centrooncologicodelnorte.cl\/wp-content\/uploads\/2018\/01\/falta-de-apetito-300x151.png 300w\" sizes=\"auto, (max-width: 603px) 100vw, 603px\" \/><\/p>\n<p><strong>\u00bfPuedo tomar vitaminas o suplementos minerales?<\/strong><\/p>\n<p>No hay una sola respuesta a esta pregunta, pero una cosa si est\u00e1 clara: ninguna dieta o plan nutricional puede \u201cCURAR\u201d el c\u00e1ncer. Tomar vitaminas y suplementos minerales NUNCA es considerado un sustituto del tratamiento m\u00e9dico. Usted no debe tomar ning\u00fan suplemento sin consultar a su m\u00e9dico.<\/p>\n<p><img loading=\"lazy\" decoding=\"async\" class=\"alignnone size-full wp-image-153\" src=\"http:\/\/centrooncologicodelnorte.cl\/wp-content\/uploads\/2018\/01\/piramide.png\" alt=\"\" width=\"361\" height=\"309\" srcset=\"https:\/\/centrooncologicodelnorte.cl\/wp-content\/uploads\/2018\/01\/piramide.png 361w, https:\/\/centrooncologicodelnorte.cl\/wp-content\/uploads\/2018\/01\/piramide-300x257.png 300w\" sizes=\"auto, (max-width: 361px) 100vw, 361px\" \/><\/p>\n<p>&nbsp;<\/p>\n","protected":false},"excerpt":{"rendered":"<p>Es importante que se alimente de la mejor manera durante el tratamiento. Las personas que comen bien durante este periodo manejan favorablemente los efectos secundarios, y est\u00e1n en mejores condiciones para enfrentar las infecciones. Comer bien durante la quimioterapia significa escoger una dieta balanceada que contenga todos los nutrientes que su cuerpo necesita. Una buena [&hellip;]<\/p>\n","protected":false},"author":1,"featured_media":0,"parent":122,"menu_order":2,"comment_status":"closed","ping_status":"closed","template":"","meta":{"footnotes":""},"class_list":["post-151","page","type-page","status-publish","hentry"],"_links":{"self":[{"href":"https:\/\/centrooncologicodelnorte.cl\/index.php?rest_route=\/wp\/v2\/pages\/151","targetHints":{"allow":["GET"]}}],"collection":[{"href":"https:\/\/centrooncologicodelnorte.cl\/index.php?rest_route=\/wp\/v2\/pages"}],"about":[{"href":"https:\/\/centrooncologicodelnorte.cl\/index.php?rest_route=\/wp\/v2\/types\/page"}],"author":[{"embeddable":true,"href":"https:\/\/centrooncologicodelnorte.cl\/index.php?rest_route=\/wp\/v2\/users\/1"}],"replies":[{"embeddable":true,"href":"https:\/\/centrooncologicodelnorte.cl\/index.php?rest_route=%2Fwp%2Fv2%2Fcomments&post=151"}],"version-history":[{"count":1,"href":"https:\/\/centrooncologicodelnorte.cl\/index.php?rest_route=\/wp\/v2\/pages\/151\/revisions"}],"predecessor-version":[{"id":154,"href":"https:\/\/centrooncologicodelnorte.cl\/index.php?rest_route=\/wp\/v2\/pages\/151\/revisions\/154"}],"up":[{"embeddable":true,"href":"https:\/\/centrooncologicodelnorte.cl\/index.php?rest_route=\/wp\/v2\/pages\/122"}],"wp:attachment":[{"href":"https:\/\/centrooncologicodelnorte.cl\/index.php?rest_route=%2Fwp%2Fv2%2Fmedia&parent=151"}],"curies":[{"name":"wp","href":"https:\/\/api.w.org\/{rel}","templated":true}]}}