{"id":102,"date":"2018-01-10T17:49:24","date_gmt":"2018-01-10T17:49:24","guid":{"rendered":"http:\/\/centrooncologicodelnorte.cl\/?page_id=102"},"modified":"2018-01-10T17:49:24","modified_gmt":"2018-01-10T17:49:24","slug":"quimioterapia","status":"publish","type":"page","link":"https:\/\/centrooncologicodelnorte.cl\/?page_id=102","title":{"rendered":"Quimioterapia"},"content":{"rendered":"<p>Esta unidad recibe todo aquel paciente derivado desde el m\u00e9dico Onc\u00f3logo, el cual indica tipo, dosis y frecuencia del tratamiento a seguir. La prescripci\u00f3n indicada es recepcionada por la unidad quien la deriva a una Central de Mezclas para su preparaci\u00f3n, la cual es entregada a la unidad de quimioterapia para que sea aplicada en el paciente.,<\/p>\n<p>La Unidad de Quimioterapia cuenta con profesionales m\u00e9dicos, enfermeras, t\u00e9cnicos en enfermer\u00eda y personal administrativo. Cuenta con 10 camas para hospitalizados, ubicadas en el hospital de Antofagasta, y 10 sillones para quimioterapia ambulatoria, ubicados en el centro oncol\u00f3gico. Realizando un total aproximado de 1500 atenciones al a\u00f1o.<\/p>\n","protected":false},"excerpt":{"rendered":"<p>Esta unidad recibe todo aquel paciente derivado desde el m\u00e9dico Onc\u00f3logo, el cual indica tipo, dosis y frecuencia del tratamiento a seguir. La prescripci\u00f3n indicada es recepcionada por la unidad quien la deriva a una Central de Mezclas para su preparaci\u00f3n, la cual es entregada a la unidad de quimioterapia para que sea aplicada en [&hellip;]<\/p>\n","protected":false},"author":1,"featured_media":0,"parent":47,"menu_order":3,"comment_status":"closed","ping_status":"closed","template":"","meta":{"footnotes":""},"class_list":["post-102","page","type-page","status-publish","hentry"],"_links":{"self":[{"href":"https:\/\/centrooncologicodelnorte.cl\/index.php?rest_route=\/wp\/v2\/pages\/102","targetHints":{"allow":["GET"]}}],"collection":[{"href":"https:\/\/centrooncologicodelnorte.cl\/index.php?rest_route=\/wp\/v2\/pages"}],"about":[{"href":"https:\/\/centrooncologicodelnorte.cl\/index.php?rest_route=\/wp\/v2\/types\/page"}],"author":[{"embeddable":true,"href":"https:\/\/centrooncologicodelnorte.cl\/index.php?rest_route=\/wp\/v2\/users\/1"}],"replies":[{"embeddable":true,"href":"https:\/\/centrooncologicodelnorte.cl\/index.php?rest_route=%2Fwp%2Fv2%2Fcomments&post=102"}],"version-history":[{"count":1,"href":"https:\/\/centrooncologicodelnorte.cl\/index.php?rest_route=\/wp\/v2\/pages\/102\/revisions"}],"predecessor-version":[{"id":103,"href":"https:\/\/centrooncologicodelnorte.cl\/index.php?rest_route=\/wp\/v2\/pages\/102\/revisions\/103"}],"up":[{"embeddable":true,"href":"https:\/\/centrooncologicodelnorte.cl\/index.php?rest_route=\/wp\/v2\/pages\/47"}],"wp:attachment":[{"href":"https:\/\/centrooncologicodelnorte.cl\/index.php?rest_route=%2Fwp%2Fv2%2Fmedia&parent=102"}],"curies":[{"name":"wp","href":"https:\/\/api.w.org\/{rel}","templated":true}]}}